 (2930/(-2) - 2/2)/2. Let s = 1062 + p. What is the hundreds digit of s?
3
Let i(f) = f + 9. Let n be i(-7). Suppose d + 4*v - 64 = -3*d, -n*v - 10 = 0. What is the units digit of d?
1
Let r = -3 + 4. Let q be ((-16)/20)/(3/(-45)). What is the tens digit of (((-918)/q)/9)/(r/(-6))?
5
Let f be (-9*(-4)/24)/(3/8). Let k(i) = 16*i**2 + 7*i - 20. What is the hundreds digit of k(f)?
2
Let b(x) = 1699*x + 5452. What is the hundreds digit of b(25)?
9
Let v = -320 + 320. Suppose 5*c = 2*f + 1, 0 = 2*f + 4*c - 8*c. Suppose -f*q + 2 = -v*q. What is the units digit of q?
1
Let x(k) = -k**3 - 8*k**2 - k - 2. Let u be x(-8). Suppose 6 = -u*j + 8*j. What is the tens digit of j + (138 - (2 + 0))?
3
Let w(x) = -4145*x + 139. What is the hundreds digit of w(-2)?
4
Let p(y) = 12*y**3 + 12*y**3 - 12*y**2 - 2 - 23*y**3 + 2*y. Let v be p(12). What is the units digit of (v + -19)*(-1 - (-26)/2)?
6
Let n(g) = 81*g**3 + 3*g - 2. Let w(y) = -y**3 - 5*y**2 + 8*y + 14. Let u be w(-6). Suppose -15 = -3*b + 3*c + c, -u*b + 5 = -c. What is the tens digit of n(b)?
8
Suppose u - 10*k + 12*k - 7088 = 0, 3*u = -3*k + 21264. What is the hundreds digit of u?
0
Let t = 14 - 12. Suppose -4*q = -20, 0*y - 285 = -y + t*q. Suppose 4*s - n = s + y, s - 85 = 3*n. What is the units digit of s?
0
Let z = -7147 + 12610. What is the units digit of z?
3
Let x(j) = -603*j + 293. What is the units digit of x(-4)?
5
Suppose 4*d + 5 - 17 = 0. Let u(l) = -24*l + 5. Let z be u(d). Let i = z - -84. What is the units digit of i?
7
Let s(w) = -12*w**2 - 13*w + 13*w**2 + 10 + 2. Let f be s(16). Suppose 0 = -3*q + 4*a + 34 + f, 0 = 5*q - a - 134. What is the tens digit of q?
2
Suppose -31*h - 54*h - 316178 = -844708. What is the hundreds digit of h?
2
Let i(p) = 1838*p - 1524. What is the tens digit of i(8)?
8
Let v(a) = 11*a - 419. Let u be v(40). What is the hundreds digit of (-13354)/(-14) - u/(-147)?
9
Let u(x) = 14937*x - 18. What is the thousands digit of u(1)?
4
Let p = -11 + 15. Let y = 288 - 280. What is the tens digit of 100 - (p - (y - 1))?
0
Let p(x) = 59*x**2 - 10*x - 154. What is the tens digit of p(-9)?
1
Suppose t = -2*y - t + 34, t + 67 = 5*y. What is the tens digit of (-46)/(-161) - (1 + (-402)/y)?
2
Let v = -2078 + 6954. What is the thousands digit of v?
4
Suppose 426 = -j + 504. Suppose -3*s + 411 = 4*w - j, 0 = w - 4*s - 108. What is the tens digit of w?
2
Let j = -337 + 1538. What is the hundreds digit of j?
2
Let x = -145 + 1186. Suppose -4*u - 436 = -n, 3*n - 335 = -5*u + x. What is the hundreds digit of n?
4
Let r = 157 - 89. Let v = 21 - r. Let q = v + 173. What is the units digit of q?
6
Suppose 3*o - 5*v + 2 = 24, -13 = -2*o + 5*v. Suppose -1363 = -o*p + 1544. What is the tens digit of p?
2
Let b(k) = 48*k - 7 - 3*k + 80*k. What is the tens digit of b(3)?
6
Suppose 10*g - 19*g = 36. What is the hundreds digit of 355 - -20*g/16?
3
Let b(k) = -k**2 - k. Let r be b(0). Suppose -3*n + 8 = 4*v, 1 + 5 = 2*n + 2*v. Suppose r = -4*x - n + 20. What is the units digit of x?
4
Suppose -4*f = 2*f - 11310. Suppose 70*g - f = 65*g. Let h = g + -193. What is the hundreds digit of h?
1
Suppose 12 = 7*w - 4*w. Suppose 4*r = -3*z - r + 150, 5*z = -w*r + 237. What is the units digit of -6*(z - -2)/((-3)/2)?
8
Let x be 2 + -1 + 1/1. Let s(f) = -1. Let w(l) = 35*l. Let t(c) = 7*s(c) + w(c). What is the units digit of t(x)?
3
Let d(l) = l**2 + 13*l + 32. Let w be d(-10). What is the tens digit of ((928/(-6))/1)/(w/(-6))?
6
Let n(j) = -12*j**3 + j + 1. Let w be n(-1). Suppose w*a + 0 = 48. Suppose 3*l + l = -a*g + 232, l - 3 = 0. What is the tens digit of g?
5
Let s be ((-9)/9)/(2/(-122)). Let d = s - 67. Let a(r) = -r**3 - r**2 - 4*r + 24. What is the units digit of a(d)?
8
Let s be 40/50*(-220)/(-8). Suppose 1925 = 5*z - 4*w, s*z = 27*z + 5*w - 1970. What is the hundreds digit of z?
3
Let y = -88 + 76. Let h(d) = d**2 - 12*d - 2. Let o be h(y). Suppose -5*v + o + 104 = 0. What is the tens digit of v?
7
Let w(t) = -6*t - 130. Let j be w(-30). Let l = 235 - j. What is the units digit of l?
5
Let c(x) = 65*x**2 + 7*x - 24. Let s = -326 - -329. What is the units digit of c(s)?
2
Suppose 0 = -8*j + 24*j - 64. What is the hundreds digit of 636/16*j*1?
1
Let j(a) = 2*a - 5. Suppose -4*h = 4*i + 24, -3*i - h = -i + 13. Let k(g) = -5*g + 16. Let b(n) = i*j(n) - 2*k(n). What is the tens digit of b(-18)?
7
Let a = -76 - -74. What is the units digit of -2 + a + 2 + 7 - -750?
5
Let c be (20/55*-1)/(2/(-11)). Suppose 2*t - 2484 = 4*w, -4*t - c*w + 4*w + 4974 = 0. What is the units digit of t?
4
Suppose 2*u - 17942 = -5*z + 22617, 0 = -u - 7*z + 20266. What is the hundreds digit of u?
2
Let n(b) = -b**2 - 12 + 0*b**2 - 18 + 4*b**2. Suppose 2*s = s - 3*v - 20, 5 = -2*s + v. What is the units digit of n(s)?
5
Suppose -547 = -i + 2*h, 0 = -4*h - 5 - 3. Let r = i - 53. What is the tens digit of r?
9
Let z = 121 - 197. What is the units digit of 4/(-2) - (z - -3 - 7)?
8
Suppose z + 3*x - 372 = -3*z, -4*z + 368 = 2*x. Let r be ((-4)/12)/((-6)/z). Suppose h = -2*l + 60, -r*h + 225 = -0*h - 5*l. What is the units digit of h?
0
Let o = 8926 + -5205. What is the units digit of o?
1
Let q be 3/((-15)/(-6) + -4). Let k be 2*(10 + (-1 - q)). What is the tens digit of 4/2 - k/(-2)*5?
5
Suppose 322*p + 37272 + 147878 = 0. Suppose 0 = -2*x - 3*u - 628, 0 = -2*x + 4*u - 904 + 248. Let o = x - p. What is the units digit of o?
5
Suppose -5*a - 15 + 45 = 0. Suppose l - a*l - 2900 = -5*f, 0 = -4*f + 2*l + 2310. What is the units digit of f?
5
Let v(t) = -3*t**3 + 13*t**2 + 6*t + 27. What is the thousands digit of v(-16)?
5
Suppose -12*a - 171904 = -22*a - 24*a. What is the units digit of a?
6
Let s = 202 - 211. What is the tens digit of 7634/33 + (-6)/s?
3
Suppose -4*f + 2*m = -3204, 680*f - 676*f - m - 3210 = 0. What is the units digit of f?
4
Let q(x) = 100*x**2 + 26*x - 509. What is the tens digit of q(12)?
0
Let t(b) = b**3 - 11*b**2 + b - 20. Let c be t(11). Let v be 10/(120/c) + 21/(-4). Let m = 157 - v. What is the hundreds digit of m?
1
Let q(w) be the first derivative of -7*w**3/6 - 8*w**2 - w + 17. Let k(j) be the first derivative of q(j). What is the units digit of k(-6)?
6
Let o(f) = f**3 + 8*f**2 + 2*f + 15. Let t be o(-7). Suppose 9*x - t = 4*x. Suppose 14*y - x*y - 68 = 0. What is the tens digit of y?
1
Suppose 2*x = -3*c + 218 + 351, 744 = 4*c - x. Suppose -4*l - 5*q = -359, 2*l + 2*q - c = -3*q. What is the tens digit of l?
8
Suppose -65*k = -62*k - 30. Let b be 0/(7/35 - 12/k). Suppose -55*m + 51*m + 564 = b. What is the units digit of m?
1
Suppose -3744 = -15*f - 4494. Suppose 3*c = -2*c - 450. Let k = f - c. What is the units digit of k?
0
Let v(t) = -85*t - 510. Let q be v(-6). Suppose q = 30*o - 13378 - 19952. What is the tens digit of o?
1
Let d(f) = 3*f**3 - 2*f**2 + 47. Suppose -14*t + 10*t = -13*t. What is the tens digit of d(t)?
4
Let j be 2/(75/(-37) + 2). Suppose 61*s - 65*s + 72 = -2*l, 5*l = -4*s - 152. Let q = l - j. What is the units digit of q?
2
Suppose 2*b - 4*d = 206, -2*b + 3*d = b - 315. Let i = 640 + b. Suppose 6*q - i = 3*q. What is the tens digit of q?
4
Let t(m) = -12*m**2 - 425*m - 48. What is the hundreds digit of t(-29)?
1
Let m be (-5 + (-36)/8)*-8. Suppose -73*v + b - 2624 = -m*v, b - 2 = 0. What is the units digit of v?
4
Let g = 2213 - 1371. Let n = 1725 - g. What is the tens digit of n?
8
Suppose 3*o + 4 = 2*o. Let w(q) = -172 + 357 - 179 + 2*q - q**3. What is the units digit of w(o)?
2
Let h(g) be the third derivative of -g**6/120 + 11*g**5/60 - g**4/2 + 4*g**3/3 + 2*g**2 + 23*g. What is the tens digit of h(9)?
6
Suppose 7 - 23 = -4*i, 4*m = -4*i + 96. Let a be 120*m/15 - 1. Let d = -84 + a. What is the tens digit of d?
7
Let j(p) = 12*p - 18. Let o be j(0). What is the hundreds digit of ((-4938)/o)/(12/36)?
8
Let l = -26 - -21. Let g be 2*l/25 - 454/(-10). Suppose -g - 305 = -7*a. What is the units digit of a?
0
Suppose 28*y = 30*y. Let r(v) = 2*v - v**2 + 19*v + y - v - 6. What is the units digit of r(6)?
8
Suppose 0 = 22*l - 155*l + 1305395. What is the units digit of l?
5
Suppose 0 = 6*y - 4086 - 342. Suppose 0 = -10*r + y + 272. What is the tens digit of r?
0
Suppose 349328 = 129*w - 101*w. What is the tens digit of w?
7
Let z = -4985 - -14358. What is the thousands di